{"id":55,"date":"2013-11-24T20:44:46","date_gmt":"2013-11-24T20:44:46","guid":{"rendered":"http:\/\/chilifan.de\/\/wordpress\/?page_id=55"},"modified":"2024-09-27T14:10:23","modified_gmt":"2024-09-27T12:10:23","slug":"capsaicin","status":"publish","type":"page","link":"https:\/\/www.chilifan.de\/?page_id=55","title":{"rendered":"Capsaicin: Das scharfe Geheimnis der Chilis"},"content":{"rendered":"<p>Die sogenannten Capsaicinoide sind verantwortlich f\u00fcr die Sch\u00e4rfe von Chilis. Die Hauptkomponente, das Alkaloid Capsaicin, ist selbst farblos und geschmacklos. Es ist \u00e4u\u00dferst best\u00e4ndig und wird weder durch Erhitzen noch durch Einfrieren zerst\u00f6rt. Capsaicin liegt als wei\u00dfes Pulver vor, das in Alkohol und Fett l\u00f6slich ist, aber nicht in Wasser. Daher ist es nicht ratsam, nach dem Verzehr von scharfen Chili-Speisen Wasser zu trinken.<\/p>\n<p>Die chemische Struktur von Capsaicin:<\/p>\n<p><a href=\"https:\/\/chilifan.de\/wordpress\/wp-content\/uploads\/2013\/11\/capsaicin.png\"><img loading=\"lazy\" decoding=\"async\" class=\"size-full wp-image-58\" src=\"https:\/\/chilifan.de\/wordpress\/wp-content\/uploads\/2013\/11\/capsaicin.png\" alt=\"C18H27NO3\" width=\"300\" height=\"112\" \/><\/a><\/p>\n<p>C18H27NO3<\/p>\n<p>Das &#8222;Brennen&#8220; beim Kontakt mit Capsaicin entsteht durch die Reizung der Nervenenden, die normalerweise f\u00fcr die Wahrnehmung von W\u00e4rme zust\u00e4ndig sind. Das erkl\u00e4rt auch, warum sehr scharfes Essen scheinbar nie oder nur sehr langsam abk\u00fchlt. Die Sch\u00e4rfe von Chili hat eine biologische Funktion. Capsaicin, das Hauptcapsaicinoid in Chilis, wird von den Pflanzen als nat\u00fcrliches Abwehrmittel gegen Fressfeinde produziert. Es dient dazu, Tiere davon abzuhalten, die Fr\u00fcchte zu fressen und somit die Samenverbreitung zu gef\u00e4hrden. Das &#8222;Brennen&#8220; oder die Sch\u00e4rfe, die wir beim Verzehr von Chilis empfinden, ist daher eine evolution\u00e4re Anpassung, um die \u00dcberlebensf\u00e4higkeit der Pflanzen zu sichern.<\/p>\n<p>Der Capsaicin-Gehalt und damit die Sch\u00e4rfe der verschiedenen Pepper-Sorten ist sehr unterschiedlich. Selbst ein und dieselbe Chili-Sorte kann unterschiedlich scharf ausfallen, je nach Standort, Klima, N\u00e4hrstoffen und Stressfaktoren. Unter Stressbedingungen, wie zum Beispiel unzureichender oder \u00fcberm\u00e4\u00dfiger Bew\u00e4sserung, reagiert die Pflanze durch verst\u00e4rkte Bildung von Capsaicin. Dies kann auch genutzt werden, um die Sch\u00e4rfe von Chilis in bestimmten Regionen zu erh\u00f6hen. Zus\u00e4tzlich beeinflusst auch die Temperatur die Sch\u00e4rfe von Chilis. Chilis, die bei h\u00f6heren Temperaturen reifen, sind in der Regel sch\u00e4rfer. Die Sch\u00e4rfe nimmt von der Basis zur Spitze der Chili ab.<\/p>\n<p>Die Sch\u00e4rfe wird in Scoville-Einheiten angegeben. Die <a href=\"https:\/\/www.chilifan.de\/?page_id=53\" data-internallinksmanager029f6b8e52c=\"1\" title=\"Chilis von mild bis extrem: Die ultimative Sch\u00e4rfeskala\">Scoville-Skala<\/a> reicht von nahezu null f\u00fcr Paprika bis zu 350.000 f\u00fcr Habaneros. Einige speziell gez\u00fcchtete Sorten \u00fcbertreffen sogar diesen Wert. Die Habanero-Spezialz\u00fcchtung &#8222;Red Savina&#8220; wurde mit bis zu 575.000 Einheiten gemessen (dieser Wert konnte jedoch bisher nicht reproduziert werden). Reines Capsaicin entspricht etwa 15 Millionen Scoville-Einheiten.<\/p>\n<p>Die Sch\u00e4rfe von Chilis kann sowohl Genuss als auch Herausforderung bieten. Viele Menschen lieben den Kick und das aufregende Geschmackserlebnis, das mit dem Verzehr von scharfen Chilis verbunden ist. In einigen K\u00fcchen weltweit sind Chilis ein unverzichtbarer Bestandteil von traditionellen Gerichten und geben ihnen ihren charakteristischen Geschmack.<\/p>\n<p>Es ist wichtig anzumerken, dass die Empfindlichkeit gegen\u00fcber Sch\u00e4rfe individuell variieren kann. Manche Menschen haben eine h\u00f6here Toleranz gegen\u00fcber Capsaicin und k\u00f6nnen daher sch\u00e4rfere Chilis genie\u00dfen, w\u00e4hrend andere empfindlicher darauf reagieren und eher mildere Sorten bevorzugen.<\/p>\n<p>Wenn Ihr wissen wollt wie scharf welche Chilisorte ist k\u00f6nnt Ihr in dieser\u00a0<a title=\"Sch\u00e4rfeskala\" href=\"https:\/\/chilifan.de\/wordpress\/?page_id=53\">Sch\u00e4rfeskala<\/a>\u00a0nachschauen.<\/p>\n","protected":false},"excerpt":{"rendered":"<p>Die sogenannten Capsaicinoide sind verantwortlich f\u00fcr die Sch\u00e4rfe von Chilis. Die Hauptkomponente, das Alkaloid Capsaicin, ist selbst farblos und geschmacklos. Es ist \u00e4u\u00dferst best\u00e4ndig und wird weder durch Erhitzen noch durch Einfrieren zerst\u00f6rt. Capsaicin liegt als wei\u00dfes Pulver vor, das &hellip; <a href=\"https:\/\/www.chilifan.de\/?page_id=55\">Weiterlesen <span class=\"meta-nav\">&rarr;<\/span><\/a><\/p>\n","protected":false},"author":1,"featured_media":0,"parent":0,"menu_order":0,"comment_status":"closed","ping_status":"closed","template":"full-width-page.php","meta":{"footnotes":""},"class_list":["post-55","page","type-page","status-publish","hentry"],"aioseo_notices":[],"_links":{"self":[{"href":"https:\/\/www.chilifan.de\/index.php?rest_route=\/wp\/v2\/pages\/55"}],"collection":[{"href":"https:\/\/www.chilifan.de\/index.php?rest_route=\/wp\/v2\/pages"}],"about":[{"href":"https:\/\/www.chilifan.de\/index.php?rest_route=\/wp\/v2\/types\/page"}],"author":[{"embeddable":true,"href":"https:\/\/www.chilifan.de\/index.php?rest_route=\/wp\/v2\/users\/1"}],"replies":[{"embeddable":true,"href":"https:\/\/www.chilifan.de\/index.php?rest_route=%2Fwp%2Fv2%2Fcomments&post=55"}],"version-history":[{"count":11,"href":"https:\/\/www.chilifan.de\/index.php?rest_route=\/wp\/v2\/pages\/55\/revisions"}],"predecessor-version":[{"id":484,"href":"https:\/\/www.chilifan.de\/index.php?rest_route=\/wp\/v2\/pages\/55\/revisions\/484"}],"wp:attachment":[{"href":"https:\/\/www.chilifan.de\/index.php?rest_route=%2Fwp%2Fv2%2Fmedia&parent=55"}],"curies":[{"name":"wp","href":"https:\/\/api.w.org\/{rel}","templated":true}]}}